{"id":208,"date":"2015-04-15T15:09:40","date_gmt":"2015-04-15T15:09:40","guid":{"rendered":"http:\/\/servicelist.de\/vgan\/?page_id=208"},"modified":"2015-04-15T15:09:40","modified_gmt":"2015-04-15T15:09:40","slug":"satzung-ueber-verein-geschichte-alt-neckarau","status":"publish","type":"page","link":"http:\/\/wp12584746.server-he.de\/?page_id=208","title":{"rendered":"Satzung \u00fcber Verein Geschichte Alt-Neckarau"},"content":{"rendered":"<div class=\"n\">\n<div id=\"ez-toc-container\" class=\"ez-toc-v2_0_45_1 counter-hierarchy ez-toc-counter ez-toc-grey ez-toc-container-direction\">\n<div class=\"ez-toc-title-container\">\n<p class=\"ez-toc-title\">Inhalt<\/p>\n<span class=\"ez-toc-title-toggle\"><a href=\"#\" class=\"ez-toc-pull-right ez-toc-btn ez-toc-btn-xs ez-toc-btn-default ez-toc-toggle\" area-label=\"ez-toc-toggle-icon-1\"><label for=\"item-69d031422f4f3\" aria-label=\"Table of Content\"><span style=\"display: flex;align-items: center;width: 35px;height: 30px;justify-content: center;direction:ltr;\"><svg style=\"fill: #999;color:#999\" xmlns=\"http:\/\/www.w3.org\/2000\/svg\" class=\"list-377408\" width=\"20px\" height=\"20px\" viewBox=\"0 0 24 24\" fill=\"none\"><path d=\"M6 6H4v2h2V6zm14 0H8v2h12V6zM4 11h2v2H4v-2zm16 0H8v2h12v-2zM4 16h2v2H4v-2zm16 0H8v2h12v-2z\" fill=\"currentColor\"><\/path><\/svg><svg style=\"fill: #999;color:#999\" class=\"arrow-unsorted-368013\" xmlns=\"http:\/\/www.w3.org\/2000\/svg\" width=\"10px\" height=\"10px\" viewBox=\"0 0 24 24\" version=\"1.2\" baseProfile=\"tiny\"><path d=\"M18.2 9.3l-6.2-6.3-6.2 6.3c-.2.2-.3.4-.3.7s.1.5.3.7c.2.2.4.3.7.3h11c.3 0 .5-.1.7-.3.2-.2.3-.5.3-.7s-.1-.5-.3-.7zM5.8 14.7l6.2 6.3 6.2-6.3c.2-.2.3-.5.3-.7s-.1-.5-.3-.7c-.2-.2-.4-.3-.7-.3h-11c-.3 0-.5.1-.7.3-.2.2-.3.5-.3.7s.1.5.3.7z\"\/><\/svg><\/span><\/label><input  type=\"checkbox\" id=\"item-69d031422f4f3\"><\/a><\/span><\/div>\n<nav><ul class='ez-toc-list ez-toc-list-level-1 ' ><li class='ez-toc-page-1 ez-toc-heading-level-1'><a class=\"ez-toc-link ez-toc-heading-1\" href=\"http:\/\/wp12584746.server-he.de\/?page_id=208\/#SATZUNG\" title=\"SATZUNG\">SATZUNG<\/a><ul class='ez-toc-list-level-2'><li class='ez-toc-heading-level-2'><a class=\"ez-toc-link ez-toc-heading-2\" href=\"http:\/\/wp12584746.server-he.de\/?page_id=208\/#Name_und_Sitz\" title=\"Name und Sitz\">Name und Sitz<\/a><ul class='ez-toc-list-level-3'><li class='ez-toc-heading-level-3'><a class=\"ez-toc-link ez-toc-heading-3\" href=\"http:\/\/wp12584746.server-he.de\/?page_id=208\/#Vereinszweck\" title=\"Vereinszweck\">Vereinszweck<\/a><\/li><li class='ez-toc-page-1 ez-toc-heading-level-3'><a class=\"ez-toc-link ez-toc-heading-4\" href=\"http:\/\/wp12584746.server-he.de\/?page_id=208\/#Mitgliedschaft\" title=\"Mitgliedschaft\">Mitgliedschaft<\/a><\/li><li class='ez-toc-page-1 ez-toc-heading-level-3'><a class=\"ez-toc-link ez-toc-heading-5\" href=\"http:\/\/wp12584746.server-he.de\/?page_id=208\/#Rechte_und_Pflichten_der_Mitglieder\" title=\"Rechte und Pflichten der Mitglieder\">Rechte und Pflichten der Mitglieder<\/a><\/li><\/ul><\/li><\/ul><\/li><li class='ez-toc-page-1 ez-toc-heading-level-1'><a class=\"ez-toc-link ez-toc-heading-6\" href=\"http:\/\/wp12584746.server-he.de\/?page_id=208\/#Ehrenmitgliedschaft\" title=\"Ehrenmitgliedschaft\">Ehrenmitgliedschaft<\/a><ul class='ez-toc-list-level-3'><li class='ez-toc-heading-level-3'><ul class='ez-toc-list-level-3'><li class='ez-toc-heading-level-3'><a class=\"ez-toc-link ez-toc-heading-7\" href=\"http:\/\/wp12584746.server-he.de\/?page_id=208\/#Geschaeftsjahr\" title=\"Gesch\u00e4ftsjahr\">Gesch\u00e4ftsjahr<\/a><\/li><li class='ez-toc-page-1 ez-toc-heading-level-3'><a class=\"ez-toc-link ez-toc-heading-8\" href=\"http:\/\/wp12584746.server-he.de\/?page_id=208\/#Organe\" title=\"Organe\">Organe<\/a><\/li><li class='ez-toc-page-1 ez-toc-heading-level-3'><a class=\"ez-toc-link ez-toc-heading-9\" href=\"http:\/\/wp12584746.server-he.de\/?page_id=208\/#Vorstand\" title=\"Vorstand\">Vorstand<\/a><\/li><li class='ez-toc-page-1 ez-toc-heading-level-3'><a class=\"ez-toc-link ez-toc-heading-10\" href=\"http:\/\/wp12584746.server-he.de\/?page_id=208\/#Mitgliederversammlung\" title=\"Mitgliederversammlung\">Mitgliederversammlung<\/a><ul class='ez-toc-list-level-4'><li class='ez-toc-heading-level-4'><a class=\"ez-toc-link ez-toc-heading-11\" href=\"http:\/\/wp12584746.server-he.de\/?page_id=208\/#Antraege_zur_Mitgliederversammlung_muessen_mindestens_eine_Woche_vor_der_Sitzung_schriftlich_bei_dem_Vorsitzenden_der_Vorsitzenden_eingereicht_und_begruendet_werden_Ueber_diese_Antraege_ist_in_der_anstehenden_Mitgliederversammlung_Beschluss_zu_fassen\" title=\"Antr\u00e4ge zur Mitgliederversammlung m\u00fcssen mindestens eine Woche vor der Sitzung schriftlich bei dem Vorsitzenden \/ der Vorsitzenden eingereicht und begr\u00fcndet werden. \u00dcber diese Antr\u00e4ge ist in der anstehenden Mitgliederversammlung Beschluss zu fassen.\">Antr\u00e4ge zur Mitgliederversammlung m\u00fcssen mindestens eine Woche vor der Sitzung schriftlich bei dem Vorsitzenden \/ der Vorsitzenden eingereicht und begr\u00fcndet werden. \u00dcber diese Antr\u00e4ge ist in der anstehenden Mitgliederversammlung Beschluss zu fassen.<\/a><\/li><li class='ez-toc-page-1 ez-toc-heading-level-4'><a class=\"ez-toc-link ez-toc-heading-12\" href=\"http:\/\/wp12584746.server-he.de\/?page_id=208\/#Der_Mitgliederversammlung_obliegen_insbesondere\" title=\"Der Mitgliederversammlung obliegen insbesondere:\">Der Mitgliederversammlung obliegen insbesondere:<\/a><\/li><li class='ez-toc-page-1 ez-toc-heading-level-4'><a class=\"ez-toc-link ez-toc-heading-13\" href=\"http:\/\/wp12584746.server-he.de\/?page_id=208\/#Beim_Vorliegen_wichtiger_Gruende_kann_auch_eine_ausserordentliche_Mitglieder-Versammlung_einberufen_werden\" title=\"Beim Vorliegen wichtiger Gr\u00fcnde kann auch eine au\u00dferordentliche Mitglieder-Versammlung einberufen werden.\">Beim Vorliegen wichtiger Gr\u00fcnde kann auch eine au\u00dferordentliche Mitglieder-Versammlung einberufen werden.<\/a><\/li><\/ul><\/li><li class='ez-toc-page-1 ez-toc-heading-level-3'><a class=\"ez-toc-link ez-toc-heading-14\" href=\"http:\/\/wp12584746.server-he.de\/?page_id=208\/#Arbeitskreise\" title=\"Arbeitskreise\">Arbeitskreise<\/a><\/li><li class='ez-toc-page-1 ez-toc-heading-level-3'><a class=\"ez-toc-link ez-toc-heading-15\" href=\"http:\/\/wp12584746.server-he.de\/?page_id=208\/#Satzung\" title=\"Satzung\">Satzung<\/a><\/li><li class='ez-toc-page-1 ez-toc-heading-level-3'><a class=\"ez-toc-link ez-toc-heading-16\" href=\"http:\/\/wp12584746.server-he.de\/?page_id=208\/#Vereinsaufloesung\" title=\"Vereinsaufl\u00f6sung\">Vereinsaufl\u00f6sung<\/a><\/li><li class='ez-toc-page-1 ez-toc-heading-level-3'><a class=\"ez-toc-link ez-toc-heading-17\" href=\"http:\/\/wp12584746.server-he.de\/?page_id=208\/#Gemeinnuetzigkeit\" title=\"Gemeinn\u00fctzigkeit\">Gemeinn\u00fctzigkeit<\/a><\/li><\/ul><\/li><\/ul><\/li><\/ul><\/nav><\/div>\n<h1><span class=\"ez-toc-section\" id=\"SATZUNG\"><\/span><strong>SATZUNG<\/strong><span class=\"ez-toc-section-end\"><\/span><\/h1>\n<\/div>\n<div class=\"n\">\n<p align=\"center\">\u00a7 1<\/p>\n<p>&nbsp;<\/p>\n<h2><span class=\"ez-toc-section\" id=\"Name_und_Sitz\"><\/span><strong>Name und Sitz<\/strong><span class=\"ez-toc-section-end\"><\/span><\/h2>\n<p>Der Verein f\u00fchrt den Namen \u201eGeschichte Alt-Neckarau e.V.\u201c und hat seinen Sitz in Mannheim- Neckarau. Er ist im Vereinsregister unter der Nummer VR 1245 eingetragen.<\/p>\n<p>&nbsp;<\/p>\n<p align=\"center\">\u00a7 2<\/p>\n<p>&nbsp;<\/p>\n<h3><span class=\"ez-toc-section\" id=\"Vereinszweck\"><\/span>Vereinszweck<span class=\"ez-toc-section-end\"><\/span><\/h3>\n<p>Der Verein hat sich die Erforschung, Darstellung und Pflege der Neckarauer Geschichte zum Ziel gesetzt.<\/p>\n<p>&nbsp;<\/p>\n<p align=\"center\">\u00a7 3<\/p>\n<p>&nbsp;<\/p>\n<h3><span class=\"ez-toc-section\" id=\"Mitgliedschaft\"><\/span>Mitgliedschaft<span class=\"ez-toc-section-end\"><\/span><\/h3>\n<p>Mitglied k\u00f6nnen nat\u00fcrliche und juristische Personen werden. Die Mitgliedschaft wird durch schriftliche Beitrittserkl\u00e4rung erworben. Mit der Aufnahme erkennt das Mitglied die Satzung des Vereins an.<\/p>\n<p>Der Vorstand entscheidet \u00fcber die Mitgliedschaft.<\/p>\n<p>Die Mitgliedschaft endet durch Tod, Austrittserkl\u00e4rung oder Ausschluss.<\/p>\n<p>Der zum Ende eines Kalenderjahres m\u00f6gliche Austritt erfolgt durch eine schriftliche Erkl\u00e4rung, die beim Vorstand sp\u00e4testens am 1. Dezember des ablaufenden Kalenderjahres eingegangen sein muss.<\/p>\n<p>\u00dcber den Ausschluss entscheidet der Vorstand:<\/p>\n<p>a)\u00a0\u00a0\u00a0\u00a0 Bei Aberkennung der B\u00fcrgerlichen Ehrenrechte.<\/p>\n<p>b)\u00a0\u00a0\u00a0\u00a0 Wenn Beitr\u00e4ge und andere Zahlungsverpflichtungen \u00fcber ein Jahr r\u00fcckst\u00e4ndig sind und ihre Zahlung nicht innerhalb einer Frist von 2 Monaten nach ergangener Mahnung erfolgt.<\/p>\n<p>c)\u00a0\u00a0\u00a0\u00a0 Bei vereinssch\u00e4digendem Verhalten.<\/p>\n<p>Der Ausschluss bedarf einer Mehrheit von 2\/3 der Mitglieder des Vorstandes.<\/p>\n<p>Mit dem Ende der Mitgliedschaft erl\u00f6schen alle Rechte dem Verein gegen\u00fcber, insbesondere bestehen keine Anspr\u00fcche auf Vereinsverm\u00f6gen oder R\u00fcckzahlung von Beitr\u00e4gen.<\/p>\n<p>&nbsp;<\/p>\n<p align=\"center\">\u00a7 4<\/p>\n<p>&nbsp;<\/p>\n<h3><span class=\"ez-toc-section\" id=\"Rechte_und_Pflichten_der_Mitglieder\"><\/span>Rechte und Pflichten der Mitglieder<span class=\"ez-toc-section-end\"><\/span><\/h3>\n<p>Jedes Mitglied ist berechtigt, an der Willensbildung im Verein teilzunehmen, insbesondere durch Aus\u00fcbung des Antrags-, Diskussions- und Stimmrechts in Mitgliederversammlungen.<\/p>\n<p>Die \u00dcbertragung des Stimmrechts ist unzul\u00e4ssig.<\/p>\n<p>Von den Mitgliedern werden Beitr\u00e4ge erhoben. Die H\u00f6he des Jahresbeitrags wird von der Mitgliederversammlung festgelegt.<\/p>\n<p>&nbsp;<\/p>\n<p align=\"center\">\u00a7 5<\/p>\n<p align=\"center\">\n<h1><span class=\"ez-toc-section\" id=\"Ehrenmitgliedschaft\"><\/span>Ehrenmitgliedschaft<span class=\"ez-toc-section-end\"><\/span><\/h1>\n<p>Personen, die sich um den Verein besonders verdient gemacht haben, kann vom Vorstand die Ehrenmitgliedschaft verliehen werden.<\/p>\n<p>Die Ehrenmitglieder haben die gleichen Rechte wie die Mitglieder.<\/p>\n<p>Von den Ehrenmitgliedern werden keine Beitr\u00e4ge erhoben.<\/p>\n<p>&nbsp;<\/p>\n<p>&nbsp;<\/p>\n<p>&nbsp;<\/p>\n<p align=\"center\">\u00a7 6<\/p>\n<p>&nbsp;<\/p>\n<h3><span class=\"ez-toc-section\" id=\"Geschaeftsjahr\"><\/span>Gesch\u00e4ftsjahr<span class=\"ez-toc-section-end\"><\/span><\/h3>\n<p>Gesch\u00e4ftsjahr ist das Kalenderjahr.<\/p>\n<p>&nbsp;<\/p>\n<p align=\"center\">\u00a7 7<\/p>\n<p>&nbsp;<\/p>\n<h3><span class=\"ez-toc-section\" id=\"Organe\"><\/span>Organe<span class=\"ez-toc-section-end\"><\/span><\/h3>\n<p>Den Organen des Vereins k\u00f6nnen nur Mitglieder angeh\u00f6ren. Organe des Vereins<\/p>\n<p>sind:<\/p>\n<p>a)\u00a0\u00a0\u00a0\u00a0 der Vorstand<\/p>\n<p>b)\u00a0\u00a0\u00a0\u00a0 die Mitgliederversammlung<\/p>\n<p>&nbsp;<\/p>\n<p align=\"center\">\u00a7 8<\/p>\n<p>&nbsp;<\/p>\n<h3><span class=\"ez-toc-section\" id=\"Vorstand\"><\/span>Vorstand<span class=\"ez-toc-section-end\"><\/span><\/h3>\n<p>Der Vorstand f\u00fchrt den Verein.<\/p>\n<p>Er ist f\u00fcr alle Aufgaben zust\u00e4ndig, die nicht der Mitgliederversammlung zugewiesen sind.<\/p>\n<p>Diese Aufgaben sind insbesondere folgende:<\/p>\n<p>a)\u00a0\u00a0\u00a0\u00a0 die Durchf\u00fchrung der Beschl\u00fcsse der Mitgliederversammlungen;<\/p>\n<p>b)\u00a0\u00a0\u00a0\u00a0 die Erstellung der Jahresplanung, des Jahresberichtes und des Kassenabschlusses;<\/p>\n<p>c)\u00a0\u00a0\u00a0\u00a0 die Vorbereitung der Mitgliederversammlung;<\/p>\n<p>d)\u00a0\u00a0\u00a0\u00a0 die Einberufung und Leitung der Mitgliederversammlung;<\/p>\n<p>e)\u00a0\u00a0\u00a0\u00a0 die ordnungsgem\u00e4\u00dfe Verwaltung und Verwendung des Vereinsverm\u00f6gens;<\/p>\n<p>f)\u00a0\u00a0\u00a0\u00a0\u00a0 die Aufnahme und der Ausschluss von Vereinsmitgliedern.<\/p>\n<p>g)\u00a0\u00a0\u00a0\u00a0 Verleihung von Ehrenmitgliedschaften<\/p>\n<p>Der Vorstand besteht aus bis zu 11Mitgliedern und zwar<\/p>\n<p>\u2500 dem Vorsitzenden \/ der Vorsitzenden<\/p>\n<p>\u2500 zwei stellvertretenden Vorsitzenden<\/p>\n<p>\u2500 dem Schatzmeister \/ der Schatzmeisterin<\/p>\n<p>\u2500 dem Schriftf\u00fchrer \/ der Schriftf\u00fchrerin<\/p>\n<p>\u2500 mindestens vier bis zu sechs Beisitzern \/ Beisitzerinnen<\/p>\n<p>Der Vorstand im Sinne des \u00a7 26 BGB sind der Vorsitzende \/ die Vorsitzende, die stellvertretenden Vorsitzenden und der Schatzmeister \/ die Schatzmeisterin. Jeweils zwei sind gemeinsam vertretungsberechtigt.<\/p>\n<p>Der Vorstand wird durch den Vorsitzenden \/ die Vorsitzende einberufen. Er muss auch einberufen werden, wenn mindestens 1\/3 der Vorstandsmitglieder dies unter Angabe von Gr\u00fcnden von dem Vorsitzenden \/ der Vorsitzenden verlangt.<\/p>\n<p>Der Vorstand ist beschlussf\u00e4hig, wenn mindestens die H\u00e4lfte der Mitglieder anwesend ist.<\/p>\n<p>Der Vorstand beschlie\u00dft mit Stimmenmehrheit, soweit die Satzung nichts anderes besagt.<\/p>\n<p>\u00dcber die Sitzungen sind Niederschriften zu fertigen, die von dem Schriftf\u00fchrer \/ der Schriftf\u00fchrerin und dem die Sitzung leitenden Vorstandsmitglied zu unterzeichnen sind. Die Niederschriften sind aufzubewahren.<\/p>\n<p>Scheidet der Vorsitzende \/ die Vorsitzende aus, ist eine au\u00dferordentliche Mitgliederversammlung innerhalb acht Wochen einzuberufen, die f\u00fcr den Ausgeschiedenen \/ die Ausgeschiedene einen Nachfolger \/ eine Nachfolgerin w\u00e4hlt. Funktionen, die durch Ausscheiden anderer Vorstandsmitglieder frei werden, werden vom Vorstand kommissarisch mit einem Vorstandsmitglied bis zum Zeitpunkt der n\u00e4chsten Mitgliederversammlung besetzt.<\/p>\n<p>&nbsp;<\/p>\n<p>&nbsp;<\/p>\n<p>&nbsp;<\/p>\n<p>&nbsp;<\/p>\n<p>&nbsp;<\/p>\n<p>&nbsp;<\/p>\n<p align=\"center\">\u00a7 9<\/p>\n<p>&nbsp;<\/p>\n<h3><span class=\"ez-toc-section\" id=\"Mitgliederversammlung\"><\/span>Mitgliederversammlung<span class=\"ez-toc-section-end\"><\/span><\/h3>\n<p>Jedes Jahr findet eine ordentliche Mitgliederversammlung mit Jahresbericht statt, zu der alle Mitglieder unter Angabe der Tagesordnungspunkte mit einer Einladungsfrist von zwei Wochen schriftlich einzuladen sind.<\/p>\n<h4><span class=\"ez-toc-section\" id=\"Antraege_zur_Mitgliederversammlung_muessen_mindestens_eine_Woche_vor_der_Sitzung_schriftlich_bei_dem_Vorsitzenden_der_Vorsitzenden_eingereicht_und_begruendet_werden_Ueber_diese_Antraege_ist_in_der_anstehenden_Mitgliederversammlung_Beschluss_zu_fassen\"><\/span>Antr\u00e4ge zur Mitgliederversammlung m\u00fcssen mindestens eine Woche vor der Sitzung schriftlich bei dem Vorsitzenden \/ der Vorsitzenden eingereicht und begr\u00fcndet werden. \u00dcber diese Antr\u00e4ge ist in der anstehenden Mitgliederversammlung Beschluss zu fassen.<span class=\"ez-toc-section-end\"><\/span><\/h4>\n<h4><span class=\"ez-toc-section\" id=\"Der_Mitgliederversammlung_obliegen_insbesondere\"><\/span>Der Mitgliederversammlung obliegen insbesondere:<span class=\"ez-toc-section-end\"><\/span><\/h4>\n<p>a)\u00a0\u00a0\u00a0\u00a0 Entgegennahme des Rechenschaftsberichts des Vorstands und des Berichts der Kassenpr\u00fcfer \/ Kassenpr\u00fcferinnen<\/p>\n<p>b)\u00a0\u00a0\u00a0\u00a0 Entlastung des Vorstandes<\/p>\n<p>c)\u00a0\u00a0\u00a0\u00a0 Wahl eines Wahlleiters \/ einer Wahlleiterin<\/p>\n<p>d)\u00a0\u00a0\u00a0\u00a0 Wahl des neuen Vorstandes<\/p>\n<p>Der Vorstand wird auf drei Jahre mit einfacher Mehrheit der anwesenden Mitglieder gew\u00e4hlt. Die Wahl der Vorstandsmitglieder erfolgt in getrennten Wahlg\u00e4ngen, die der Beisitzer \/ Beisitzerinnen in Listenwahl.<\/p>\n<p>e)\u00a0\u00a0\u00a0\u00a0 Wahl von zwei Kassenpr\u00fcfern \/ zwei Kassenpr\u00fcferinnen<\/p>\n<p>Die Kassenpr\u00fcfer \/ Kassenpr\u00fcferinnen werden auf drei Jahre mit einfacher Mehrheit der anwesenden Mitglieder gew\u00e4hlt. Sie d\u00fcrfen dem Vorstand nicht angeh\u00f6ren.<\/p>\n<p>f)\u00a0\u00a0\u00a0\u00a0\u00a0 Festlegung des Mitgliederbeitrags.<\/p>\n<p>g)\u00a0\u00a0\u00a0\u00a0 Satzungs\u00e4nderungen.<\/p>\n<p>h)\u00a0\u00a0\u00a0\u00a0 Entscheidung \u00fcber die eingereichten Antr\u00e4ge.<\/p>\n<p>\u00dcber die Mitgliederversammlung ist eine Niederschrift anzufertigen, die von dem Versammlungsleiter \/ der Versammlungsleiterin und dem Schriftf\u00fchrer \/ der Schriftf\u00fchrerin zu unterzeichnen ist.<\/p>\n<p>\u00dcber Antr\u00e4ge beschlie\u00dft die Mitgliederversammlung mit einfacher Mehrheit,<\/p>\n<p>soweit die Satzung keine andere Mehrheit vorschreibt. .<\/p>\n<h4><span class=\"ez-toc-section\" id=\"Beim_Vorliegen_wichtiger_Gruende_kann_auch_eine_ausserordentliche_Mitglieder-Versammlung_einberufen_werden\"><\/span>Beim Vorliegen wichtiger Gr\u00fcnde kann auch eine au\u00dferordentliche Mitglieder-Versammlung einberufen werden.<span class=\"ez-toc-section-end\"><\/span><\/h4>\n<p>Eine au\u00dferordentliche Mitgliederversammlung muss vom Vorstand einberufen werden, wenn mindestens 1\/3 der Mitglieder dies schriftlich unter Angabe von Gr\u00fcnden beantragt. Auch der Vorstand kann bei Vorliegen wichtiger Gr\u00fcnde eine au\u00dferordentliche Mitgliederversammlung einberufen.<\/p>\n<p>&nbsp;<\/p>\n<p align=\"center\">\u00a7 10<\/p>\n<p>&nbsp;<\/p>\n<h3><span class=\"ez-toc-section\" id=\"Arbeitskreise\"><\/span>Arbeitskreise<span class=\"ez-toc-section-end\"><\/span><\/h3>\n<p>Der Vorstand kann Arbeitskreise mit vereinsbezogenen Aufgaben einsetzen.<\/p>\n<p>&nbsp;<\/p>\n<p align=\"center\">\u00a7 11<\/p>\n<p>&nbsp;<\/p>\n<h3><span class=\"ez-toc-section\" id=\"Satzung\"><\/span>Satzung<span class=\"ez-toc-section-end\"><\/span><\/h3>\n<p>Satzungs\u00e4nderungen k\u00f6nnen von der Mitgliederversammlung nur mit 2\/3 Mehrheit der anwesenden Mitglieder beschlossen werden. Sie m\u00fcssen beim Vorstand schriftlich eingereicht werden.<\/p>\n<p>&nbsp;<\/p>\n<p>&nbsp;<\/p>\n<p>&nbsp;<\/p>\n<p>&nbsp;<\/p>\n<p>&nbsp;<\/p>\n<p>&nbsp;<\/p>\n<p>&nbsp;<\/p>\n<p>&nbsp;<\/p>\n<p align=\"center\">\u00a7 12<\/p>\n<p>&nbsp;<\/p>\n<h3><span class=\"ez-toc-section\" id=\"Vereinsaufloesung\"><\/span>Vereinsaufl\u00f6sung<span class=\"ez-toc-section-end\"><\/span><\/h3>\n<p>Die Aufl\u00f6sung des Vereins kann nur in einer zu diesem Zweck einberufenen Mitgliederversammlung mit \u00be Mehrheit der anwesenden Mitglieder beschlossen werden.<\/p>\n<p>&nbsp;<\/p>\n<p align=\"center\">\u00a7 13<\/p>\n<p>&nbsp;<\/p>\n<h3><span class=\"ez-toc-section\" id=\"Gemeinnuetzigkeit\"><\/span>Gemeinn\u00fctzigkeit<span class=\"ez-toc-section-end\"><\/span><\/h3>\n<p>Der Verein Geschichte Alt-Neckarau verfolgt ausschlie\u00dflich und unmittelbar gemeinn\u00fctzige Zwecke im Sinne des Abschnitts \u201eSteuerbeg\u00fcnstigte Zwecke\u201c der Abgabenordnung. Zweck des Vereins ist die Heimatpflege und Heimatkunde. Der Satzungszweck wird insbesondere durch die in \u00a7 2 genannten Ziele verwirklicht.<\/p>\n<p>Der Verein ist selbstlos t\u00e4tig; er verfolgt nicht in erster Linie eigenwirtschaftliche Zwecke.<\/p>\n<p>Die Mittel des Vereins d\u00fcrfen nur f\u00fcr die satzungsm\u00e4\u00dfigen Zwecke verwendet werden. Die Mitglieder erhalten keine Zuwendungen aus Mitteln des Vereins.<\/p>\n<p>Es darf keine Person durch Ausgaben, die dem Zweck des Vereins fremd sind, oder durch unverh\u00e4ltnism\u00e4\u00dfig hohe Verg\u00fctung beg\u00fcnstigt werden.<\/p>\n<p>Bei Aufl\u00f6sung oder Aufhebung des Vereins oder bei Wegfall steuerbeg\u00fcnstigter Zwecke f\u00e4llt das Vereinsverm\u00f6gen an die Stadt Mannheim, die es unmittelbar und ausschlie\u00dflich im Sinne des Vereinszwecks zu verwenden hat.<\/p>\n<p>&nbsp;<\/p>\n<p>&nbsp;<\/p>\n<p>&nbsp;<\/p>\n<p>&nbsp;<\/p>\n<p>&nbsp;<\/p>\n<p>&nbsp;<\/p>\n<p>&nbsp;<\/p>\n<p>1. Satzung<\/p>\n<p>Vereinsgr\u00fcndung<\/p>\n<p>Mannheim-Neckarau, \u201ePlumeau\u201c, 12. April 1983<\/p>\n<p>&nbsp;<\/p>\n<p>2. Satzung<\/p>\n<p>Ordentliche Mitglieder-Versammlung<\/p>\n<p>Mannheim-Neckarau, 08. M\u00e4rz 2004<\/p>\n<p>&nbsp;<\/p>\n<p>3. Satzung<\/p>\n<p>27. Ordentliche Mitglieder-Versammlung<\/p>\n<p>Mannheim-Neckarau, 01. M\u00e4rz 2010<\/p>\n<\/div>\n","protected":false},"excerpt":{"rendered":"<p>SATZUNG \u00a7 1 &nbsp; Name und Sitz Der Verein f\u00fchrt den Namen \u201eGeschichte Alt-Neckarau e.V.\u201c und hat seinen Sitz in Mannheim- Neckarau. Er ist im Vereinsregister unter der Nummer VR 1245 eingetragen. &nbsp; \u00a7 2 &nbsp; Vereinszweck Der Verein hat sich die Erforschung, Darstellung und Pflege der Neckarauer Geschichte zum Ziel gesetzt. &nbsp; \u00a7 3 [&hellip;]<\/p>\n","protected":false},"author":1,"featured_media":0,"parent":8,"menu_order":0,"comment_status":"open","ping_status":"open","template":"","meta":[],"_links":{"self":[{"href":"http:\/\/wp12584746.server-he.de\/index.php?rest_route=\/wp\/v2\/pages\/208"}],"collection":[{"href":"http:\/\/wp12584746.server-he.de\/index.php?rest_route=\/wp\/v2\/pages"}],"about":[{"href":"http:\/\/wp12584746.server-he.de\/index.php?rest_route=\/wp\/v2\/types\/page"}],"author":[{"embeddable":true,"href":"http:\/\/wp12584746.server-he.de\/index.php?rest_route=\/wp\/v2\/users\/1"}],"replies":[{"embeddable":true,"href":"http:\/\/wp12584746.server-he.de\/index.php?rest_route=%2Fwp%2Fv2%2Fcomments&post=208"}],"version-history":[{"count":0,"href":"http:\/\/wp12584746.server-he.de\/index.php?rest_route=\/wp\/v2\/pages\/208\/revisions"}],"up":[{"embeddable":true,"href":"http:\/\/wp12584746.server-he.de\/index.php?rest_route=\/wp\/v2\/pages\/8"}],"wp:attachment":[{"href":"http:\/\/wp12584746.server-he.de\/index.php?rest_route=%2Fwp%2Fv2%2Fmedia&parent=208"}],"curies":[{"name":"wp","href":"https:\/\/api.w.org\/{rel}","templated":true}]}}